 the greatest common factor of 2434 and 18343841?
1217
What is the greatest common divisor of 42540 and 1680?
60
What is the greatest common divisor of 1437447 and 43516?
473
What is the greatest common divisor of 868991 and 20183426?
6343
Calculate the greatest common factor of 90 and 240634530.
90
Calculate the highest common divisor of 1469078 and 2912.
26
Calculate the greatest common factor of 3744880 and 112.
16
What is the highest common divisor of 3640602 and 15?
3
What is the highest common factor of 66 and 833505684?
66
Calculate the greatest common factor of 1142001 and 567.
63
What is the highest common divisor of 405 and 327270?
15
What is the highest common factor of 6507564 and 276?
12
Calculate the greatest common factor of 2451960 and 840.
840
What is the highest common factor of 31750 and 7591425?
3175
Calculate the highest common divisor of 4998579 and 2641.
139
What is the highest common divisor of 56447 and 439685?
47
What is the highest common factor of 106996 and 3496?
92
What is the greatest common divisor of 102304853 and 24205?
4841
Calculate the highest common factor of 46864 and 9624896.
1616
Calculate the greatest common factor of 114651 and 1971.
9
Calculate the highest common factor of 52768397 and 33.
11
Calculate the greatest common factor of 1409231 and 10.
1
Calculate the highest common divisor of 11376012 and 21228.
732
Calculate the greatest common factor of 26232 and 5934.
6
What is the greatest common factor of 3 and 5842163?
1
What is the greatest common factor of 1005449 and 26563?
263
What is the highest common factor of 512 and 131480192?
128
What is the highest common factor of 43 and 1506288409?
43
What is the highest common divisor of 83391517 and 143?
11
Calculate the greatest common factor of 1053642 and 60.
6
What is the highest common factor of 1488 and 163224?
24
Calculate the highest common divisor of 6616490 and 42955.
355
What is the greatest common factor of 3818970 and 360?
90
What is the highest common factor of 148473 and 369044?
611
What is the greatest common factor of 10566 and 942722?
1174
Calculate the greatest common divisor of 7140768 and 16.
16
Calculate the greatest common divisor of 6779555 and 3.
1
What is the greatest common divisor of 3530416 and 1398?
466
What is the greatest common factor of 3373880 and 2?
2
Calculate the highest common factor of 1602 and 432851322.
534
Calculate the highest common factor of 161310 and 2192118.
1698
What is the highest common factor of 300 and 7199400?
300
What is the highest common factor of 231 and 65068311?
231
Calculate the greatest common factor of 12627 and 1724287.
1403
What is the highest common factor of 2040276540 and 90?
30
Calculate the greatest common factor of 1235 and 681070.
65
Calculate the greatest common factor of 119274 and 242.
2
What is the greatest common divisor of 791624 and 208?
8
Calculate the greatest common factor of 26 and 52246246.
26
Calculate the highest common factor of 21429942 and 37746.
1398
Calculate the highest common divisor of 35751267 and 333.
9
Calculate the highest common factor of 12 and 1365180864.
12
What is the greatest common factor of 4750 and 46353250?
250
What is the greatest common factor of 34738 and 246818?
22
Calculate the greatest common divisor of 16 and 194132560.
16
Calculate the greatest common factor of 32659452 and 117.
9
What is the highest common divisor of 2688613 and 19786?
761
What is the highest common factor of 208 and 8257379?
13
What is the greatest common factor of 49580 and 232490?
670
What is the highest common factor of 3645 and 4571559?
729
Calculate the greatest common factor of 55185456 and 992.
496
Calculate the highest common divisor of 61181619 and 522.
87
What is the greatest common divisor of 2022223 and 2387?
217
What is the highest common factor of 31967956 and 1308?
436
Calculate the highest common factor of 1614 and 83274.
6
What is the greatest common factor of 740 and 379642940?
740
Calculate the greatest common divisor of 10080 and 17871224.
56
Calculate the greatest common divisor of 770007 and 9213.
111
Calculate the highest common factor of 52274357 and 4126.
2063
What is the highest common divisor of 28870874 and 13076?
934
What is the greatest common factor of 98069 and 12083?
281
What is the highest common factor of 1018715 and 3285?
365
What is the highest common factor of 89290 and 10510?
10
Calculate the greatest common divisor of 159960482 and 22.
22
Calculate the greatest common divisor of 172 and 8250668.
172
Calculate the greatest common factor of 16421206 and 1292.
38
What is the highest common divisor of 450351744 and 13536?
4512
What is the highest common factor of 32623 and 64685?
17
Calculate the highest common divisor of 29 and 480928663.
29
What is the highest common factor of 983304 and 2212?
28
Calculate the greatest common factor of 702766596 and 42.
42
Calculate the greatest common factor of 23423 and 174680.
397
Calculate the greatest common factor of 64930 and 91204.
302
What is the greatest common divisor of 23209896 and 68?
68
What is the greatest common factor of 42984270 and 1444?
722
Calculate the greatest common factor of 14 and 5331968.
2
Calculate the greatest common factor of 460974025 and 60920.
7615
Calculate the highest common divisor of 9705718 and 462.
22
What is the highest common factor of 3111 and 73333529?
1037
What is the greatest common divisor of 3380 and 1246310?
130
What is the highest common divisor of 807196625 and 13250?
6625
What is the highest common factor of 688912 and 2016?
112
Calculate the greatest common factor of 3076702125 and 105.
105
Calculate the greatest common divisor of 15585 and 111494051.
1039
Calculate the highest common factor of 43827 and 58834617.
6261
What is the greatest common divisor of 10 and 56779000?
10
What is the greatest common factor of 954 and 6631731?
477
Calculate the highest common divisor of 40704 and 2653440.
768
Calculate the greatest common factor of 49680 and 131031.
621
Calculate the greatest common factor of 2484 and 195654.
6
What is the greatest common factor of 1010139 and 73313?
439
Calculate the greatest common factor of 294015 and 19737.
51
What is the highest common factor of 45046 and 19717018?
202
Calculate the greatest common divisor of 2264553 and 378594.
7011
What is the greatest common factor of 3030600 and 240?
120
What is the greatest common divisor of 9214 and 24965062?
542
Calculate the greatest common divisor of 3267 and 1808271.
27
What is the greatest common factor of 1853 and 147883?
17
Calculate the highest common factor of 305 and 44221950.
305
Calculate the highest common factor of 155965937 and 302.
151
Calculate the greatest common factor of 6744944 and 688.
16
What is the highest common factor of 22083516 and 260?
52
What is the greatest common factor of 333 and 210245211?
333
What is the highest common factor of 8730 and 112752315?
4365
Calculate the greatest common factor of 10 and 36738260.
10
Calculate the highest common factor of 1150 and 3791500.
50
Calculate the highest common factor of 2022 and 124291666.
674
What is the highest common divisor of 263725 and 676225?
275
Calculate the highest common divisor of 702968658 and 7.
7
What is the highest common factor of 51679001 and 11?
11
What is the highest common divisor of 1694612 and 4264?
164
Calculate the highest common factor of 37359098 and 272.
34
What is the highest common divisor of 9856 and 2492?
28
Calculate the greatest common factor of 1378 and 551662319.
689
What is the highest common factor of 115 and 1769965?
115
Calculate the greatest common divisor of 94798077 and 528.
33
Calculate the highest common divisor of 680 and 3538616.
8
What is the highest common divisor of 49236083 and 13?
13
What is the highest common factor of 462 and 57074776?
22
Calculate the highest common divisor of 69 and 6494349.
69
Calculate the highest common factor of 3563410 and 12470.
430
What is the highest common factor of 63537810 and 120?
30
What is the greatest common divisor of 1469412 and 17187?
51
Calculate the greatest common factor of 324 and 7011288.
36
Calculate the greatest common factor of 197192 and 20096.
1256
What is the highest common divisor of 99538 and 56096